on factor of 9 and o.
9
Suppose -m + 4 = 1. Let q(s) = -s**3 + 2*s**2 + 5*s - 3. Let w be q(m). Let r be 4/(-30)*w*-15. What is the highest common factor of r and 42?
6
Let a = 39 + -20. Let y = a + -7. What is the highest common factor of 3 and y?
3
Let n(g) = g - 8. Let q be n(6). Let a = 11 + -19. Let m be 4/a - 133/q. What is the highest common divisor of 44 and m?
22
Let y(r) = 1 + 4*r - r - r. Let d be y(-3). Let x = d + 15. Calculate the highest common factor of x and 15.
5
Let u(d) = -d**2 + 4*d + 6. Let h be u(6). Let c be 2/h - (-50)/6. Let q(o) = o**2 + o - 4. Let a be q(-5). Calculate the greatest common factor of a and c.
8
Suppose -651 = -3*z + 471. Calculate the greatest common factor of z and 34.
34
Suppose -4*c - 10 + 22 = 0. What is the greatest common factor of 15 and c?
3
Suppose -3*k - 3*c - 3 = 0, 0*c = -k + 2*c + 8. Suppose 2*w + 340 = 4*r - 54, k*w + 100 = r. Let y = -32 + r. What is the greatest common factor of 11 and y?
11
Let g = -128 + 284. Let w be (g/42)/(2/14). Calculate the highest common divisor of w and 39.
13
Let k = -7 - -4. Let r be -2 + (-3 - (-20 - k)). Calculate the greatest common factor of r and 30.
6
Let b(h) = h**2 - 4*h + 1. Let t be b(3). Let v be t/(-3) + 76/3. What is the greatest common factor of 13 and v?
13
Let w(t) = -t**3 - 5*t**2 + 5*t - 4. Let d be w(-6). Suppose -i + 66 + 44 = -5*c, 2*i - 220 = -d*c. What is the highest common divisor of i and 10?
10
Let b be (3/(-6))/(-1)*10. Suppose -15 = -5*x - b. What is the highest common divisor of 14 and x?
2
Suppose -31 - 112 = -w. Let h(y) = -12*y**3 + 2*y**2 + 2*y + 1. Let j be h(-1). Suppose 0 - j = -s. Calculate the greatest common factor of w and s.
13
Let z = 0 + 22. What is the highest common factor of 11 and z?
11
Let f(l) be the third derivative of l**5/60 - l**4/24 - 2*l**3/3 + 8*l**2. Let b = 9 + -4. Let q be f(b). Calculate the highest common factor of 2 and q.
2
Let q = 207 + -111. Let k = -36 + q. Calculate the greatest common divisor of k and 24.
12
Let u = 279 + -162. Let h = -2 + 12. Let k = 3 + h. Calculate the greatest common divisor of u and k.
13
Let j(w) = w + 9. Let n be j(-5). Suppose -3*l + 2*l + 25 = 2*i, 2*l = n*i + 10. What is the greatest common factor of 45 and l?
15
Let l = -12 + 17. Let r(g) = -g**3 + 6*g**2 - 5*g + 2. Let o be r(l). Suppose -7 = -o*p + f, -p + 19 = p + 3*f. Calculate the greatest common factor of 5 and p.
5
Suppose -5*f - 92 + 1212 = 0. Calculate the greatest common factor of f and 28.
28
Let l be (-3)/(9/15)*-4. Suppose -r + l = -45. Suppose i + b - 30 = 0, 5*i + 2*b - b = 134. Calculate the greatest common divisor of i and r.
13
Suppose -94 = -4*u + 146. Let z = u + -33. Let c = -7 + 10. Calculate the greatest common factor of c and z.
3
Suppose 5*z - 5*k - 89 = -2*k, 4*k = 4*z - 76. Let s = z + -5. Let l be s + 4/2 - 1. What is the highest common factor of 12 and l?
12
Suppose -5*h - 15 + 115 = 0. Suppose -9 = -5*w + 6. Suppose -5*i = -w*a + 7*a - 42, -5*i + 56 = -3*a. Calculate the highest common divisor of i and h.
10
Suppose -11*c = -8*c - 18. What is the highest common factor of c and 3?
3
Let d be (-2)/(-3 + 1) + 41. Let f(r) = -r**2 + 10*r - 10. Let m be f(8). What is the greatest common divisor of d and m?
6
Suppose -3*i = 223 - 319. Suppose -2*n + 192 = 2*n. Calculate the highest common factor of n and i.
16
Suppose 0 = -9*u - 13*u + 1430. What is the highest common divisor of u and 10?
5
Let h = -45 - -52. What is the greatest common factor of h and 14?
7
Let d(m) = m**3 - 14*m**2 + 16*m - 19. Let y be d(13). What is the highest common factor of y and 120?
20
Let d be (4/(-4))/((-2)/10). Suppose -5*f = 2*q - 9, -f = -2*f + 3*q - d. Suppose 3*v = 2*v + f. Calculate the greatest common factor of v and 2.
1
Let v(d) = d**3 + 11*d**2 + 8. Let q be v(-11). What is the greatest common factor of q and 1?
1
Let y(b) = 7*b**3 + b**2 - 2*b + 2. Let t be y(1). Calculate the greatest common factor of 24 and t.
8
Suppose 5*t - 80 = -5*y - 0*y, 4*t - y - 44 = 0. Suppose -5*g + 654 = 2*q, g = -g - 4*q + 252. What is the greatest common factor of t and g?
12
Suppose 4*w + 1 = 5*u - 4, 2*u - 15 = -w. Suppose -4*n + 7 = -w. Suppose 0*q + 165 = n*q. Calculate the highest common factor of q and 5.
5
Let i be 9/3 + -1 + 1. Suppose -k - 26 = -2*w, i*w + 5*k + 4 = 4*w. What is the highest common factor of 7 and w?
7
Let j be -5 + -1 + (-78)/(-6). What is the highest common factor of 161 and j?
7
Suppose -o + 2*o - 3*s + 12 = 0, 3*s - 15 = 0. Let t be (o - 0)*8/6. Suppose 3 = -i, -2*b - 2*b - i + 141 = 0. What is the highest common factor of t and b?
4
Suppose -9*j + 10*j - 15 = 0. What is the highest common divisor of 25 and j?
5
Let d = 8 + -4. Suppose 0 = -2*x + d*j + 54, 4*x - 84 = 2*j - 0*j. Let n(k) = 22*k + 10. Let v be n(3). Calculate the highest common factor of x and v.
19
Let g = -106 - -194. Suppose 7*x + 112 = 4*h + 3*x, -h = 5*x - 22. Let c = -16 + h. What is the greatest common divisor of c and g?
11
Let m = -13 - 41. Let c = m + 166. What is the highest common divisor of c and 16?
16
Suppose 3*y = 2*o + 9, 0 = o - 2 - 1. Suppose y*n + 12 = 42. Calculate the highest common divisor of 3 and n.
3
Let d(k) = -k - 3. Let z be d(-9). Let f be 0 + 2 + 2 + -3. Let m be -1 - -43 - (1 - f). What is the greatest common factor of m and z?
6
Let j(b) = -b**3 + 9*b**2 + 2*b - 8. Let h be j(9). Calculate the greatest common divisor of 20 and h.
10
Suppose 4*h = i + 225, -h - 4*h = 0. Let r be (1/3)/((-5)/i). What is the greatest common factor of r and 15?
15
Suppose 2*f = -4*s + 26, 3*s + 85 - 10 = 3*f. What is the greatest common factor of f and 42?
21
Let g(l) = 6*l**2 + 10*l - 3. Let t be g(-3). Let c be -1*8*-1 + -1. What is the greatest common factor of t and c?
7
Let q(t) = 4 - 12*t + 8 + 3*t**2 + 3*t - 2*t**2. Let m be q(8). What is the greatest common factor of 36 and m?
4
Let u be (-2)/(-1) - 0/(-1). Suppose -3*h - u*i + 176 = h, 0 = -h + 3*i + 30. What is the greatest common divisor of h and 28?
14
Let r be -6 + 2*3/(-6). Let o = 47 + r. Calculate the greatest common divisor of o and 5.
5
Let a(x) = -6*x + 7. Let p be a(-6). Let m = p - 11. What is the highest common divisor of 4 and m?
4
Suppose 0 = -4*o + 2*o + 22. Calculate the greatest common factor of o and 143.
11
Let x = -74 + 94. Let l be 2/6 - (-22)/6. Suppose 0*q - 281 = -2*o - q, 136 = o - l*q. Calculate the highest common factor of o and x.
20
Let a = 9 + -4. Suppose a*v - 410 = -25. Let g be 3 - 1 - (0 - 5). Calculate the greatest common factor of v and g.
7
Let m be -1*2 - 4*-32. Let l be (-33)/(-2 + (-9)/(-3)). Let c = l - -51. Calculate the highest common divisor of m and c.
18
Let x = 0 - -9. What is the greatest common factor of 9 and x?
9
Let o = -1 + 4. Suppose -o*u = -37 + 1. Calculate the highest common factor of 96 and u.
12
Let u(j) = j**2 + 4*j + 13. Let s be u(-8). What is the greatest common divisor of s and 18?
9
Let f(x) = -x**2 - 16*x - 8. Let w be f(-14). Calculate the highest common factor of 10 and w.
10
Let s(c) = 21*c**2 + 5*c - 4. Let r be s(2). What is the greatest common factor of 15 and r?
15
Let j(s) = 2*s**2 + s - 1. Let z be j(2). Calculate the highest common divisor of 36 and z.
9
Let b be (-2 + -15)*(-1 - 0). Calculate the highest common factor of 136 and b.
17
Suppose -2*m = -m + 4, -5*m = 4*c - 140. Let l = 14 + 2. Calculate the greatest common factor of c and l.
8
Suppose -5*v = 0, 4*w + v = 71 + 65. Suppose l + 105 = 3*s, 3*s + 3*l - 83 = w. Calculate the highest common factor of 9 and s.
9
Suppose 52 = 5*s - 68. What is the highest common divisor of 12 and s?
12
Suppose c = 20 + 19. Suppose 2*k - 9 = 17. What is the highest common divisor of c and k?
13
Let m = 2 - -6. Let l be 14/m + (-3)/(-12). Suppose -14 = -3*q - l. What is the greatest common divisor of q and 4?
4
Let b(p) = -p**3 + 5*p**2 + p + 7. Suppose -5*k + 40 - 15 = 0. Let y be b(k). Let g = 208 + -76. What is the greatest common factor of g and y?
12
Let t = -2 + -44. Let g = -12 - t. Calculate the greatest common divisor of 17 and g.
17
Let z = 6 + -3. Let n be (-9)/6*(-98)/z. What is the greatest common factor of n and 7?
7
Let q(n) = n**3 - 4*n**2 + 3*n - 9. Let w be q(4). Calculate the greatest common divisor of w and 15.
3
Let 